e tens digit of v(r)?
5
Suppose 0 = -3*p + 15, -2441 = 3*z - 4*p + 2358. Let j = z + 3463. What is the thousands digit of j?
1
Suppose 2*v - 6 = v + 2*g, -g = -4*v + 17. Suppose 0 = 5*j + v*u - 796, 3*j - 732 = -u - 253. Suppose 75 + j = 5*i. What is the units digit of i?
7
Suppose 0 = -2*i + 3*y + 61238, 2*i + 153095 = 7*i + y. What is the hundreds digit of i?
6
What is the ten thousands digit of ((-12)/(-8))/(168746/(-42188) + 4)?
1
Suppose -5*m + 2*a = 162, 4*a + 59 - 233 = 5*m. Suppose -c = -5*x + 13, 2*x - 2*c - 3 = -1. What is the tens digit of (46/x)/(m/(-225))?
1
Suppose -21 = 9*q + 15. What is the units digit of (-1764)/24*1*q?
4
Let a(r) = 37005*r**3 - 5*r**2 - 19*r + 19. What is the tens digit of a(1)?
0
Suppose 5*z = -z + 252. Let f be (z/18 - 3) + (-3985)/3. What is the tens digit of f/(-12) + -2 + 3/12?
0
Suppose -6*o + 3*o = 6, o = 5*y + 6643. Let l = y + 2187. What is the tens digit of l?
5
Let z(o) = 55*o + 895. Let v(m) = 2*m + 1. Let x(i) = -20*v(i) + z(i). What is the tens digit of x(0)?
7
Let a(m) = 6660*m**3 + 8*m**2 - 5*m - 25. What is the thousands digit of a(2)?
3
Suppose 9 = -k + 43. Let f(i) = -8*i + 27. Let n be f(3). Suppose -d + k = x, -d + n*x - 12 + 42 = 0. What is the tens digit of d?
3
Suppose -10*k = -15*k - 3*y + 1450, -4*k + y + 1143 = 0. What is the hundreds digit of (k - 32/2) + 5 + -1?
2
Suppose 3*h - 4*q = 87329, 8*h - 9*h - 5*q + 29059 = 0. What is the ten thousands digit of h?
2
Suppose 10*t - 31 = 5*t - 4*h, -5*t + 2*h = -7. Suppose -2*b = 5*d - 1433, 0*b + 862 = t*d - b. What is the tens digit of d?
8
Let i be 2 + 4 + -2 + (5 - 4). Suppose v - 854 = 3*z, -i*v + 4326 = z - 2*z. What is the tens digit of v?
6
Let g be 4*(-2)/(-28) + (-555)/105. Let d be ((-11388)/(-65))/((-2)/g). Suppose -12*x = 4*s - 10*x - d, -2*s + 5*x = -189. What is the tens digit of s?
0
Let o be ((-2)/(-4))/(2/(28 - -4)). Let m(z) = -2*z**2 + 18*z - 11. Let s be m(o). Suppose s*t = -5*n + 100, t - 2 = -4*n + 72. What is the units digit of n?
8
Let n = -79 - -79. Suppose n = -3*v + 9. Suppose 0*h = v*w + 4*h - 520, -4*h - 536 = -3*w. What is the hundreds digit of w?
1
Let u(f) be the second derivative of 5/2*f**2 - f**3 + 1/4*f**4 - 24*f + 0. What is the units digit of u(3)?
4
Let q(l) be the third derivative of -l**5/60 + 11*l**4/24 + 25*l**3/6 + 13*l**2. Let n be q(13). What is the units digit of (3 + -61)*(n*1 + 0)?
8
Suppose 42 = 5*b + 22. Suppose 0 = b*x - 728 - 532. What is the units digit of x?
5
Let g(a) = 7*a**2 - 34*a. Let d be g(16). Let s = 1913 - d. What is the tens digit of s?
6
Let o = -149 + 170. Let j(h) = h**3 - 21*h**2 + 2*h - 28. What is the tens digit of j(o)?
1
Let z = 29845 - 19407. What is the ten thousands digit of z?
1
What is the ten thousands digit of -2*1*(-29 - -27)*(-103431)/(-12)?
3
Let a = -71 - -71. Let g = a - -199. What is the hundreds digit of -5 + 4 + g - -2?
2
Let n(j) = 2*j**2 - 26*j + 81. Let y be n(6). What is the hundreds digit of 5/((-15)/9)*1629/y?
6
Let g(s) = -1466*s**3 + 2*s + 2. Let l be 2/1 - (34 - 31). What is the hundreds digit of g(l)?
4
Let z(t) = -44*t + 56. Suppose 3*c + 5*d - 5 = -7, c + d + 4 = 0. What is the hundreds digit of z(c)?
4
Let f be ((-6040)/60)/(1/(-15)) - 3. Let u = f - 491. What is the units digit of u?
6
Suppose -4*w - 6*c + c + 18 = 0, -c + 12 = 2*w. Suppose -16928 = -w*t - 16*t. What is the tens digit of t?
3
Let f(k) = 3884*k + 343. What is the hundreds digit of f(2)?
1
Let k = 65 - 60. Suppose 4*o - 11 - 13 = -k*y, 4*y - 16 = -4*o. Let i(f) = f**3 - 6*f**2 + 3*f - 20. What is the tens digit of i(y)?
3
Suppose 52 = 6*p + 7*p. Suppose 0 = 2*m - p, 0 = -4*o + 2*m + m + 14. Let u(j) = j**3 + 5*j**2 + 7*j - 14. What is the units digit of u(o)?
1
Let a be 164 - (-9)/((-18)/(-8)). Suppose v + 31 + a = 0. Let i = v - -300. What is the units digit of i?
1
Let r = 7917 + 44659. What is the hundreds digit of r?
5
Let o(x) = -x - 7 - x + 3*x + 15. Let a be o(-4). Suppose -4 = -2*t, -a*p + 5*p = t + 32. What is the units digit of p?
4
Suppose 5*b + 24*x - 28*x - 56239 = 0, 4*x + 11251 = b. What is the ten thousands digit of b?
1
Let o(x) = -12*x - 45. Let s be o(-4). Suppose -2*r - 132 + 786 = 2*n, 3*r = s*n - 999. What is the hundreds digit of n?
3
Suppose -2781 = 15*p - 24*p. Let x = p + -278. What is the tens digit of x?
3
Suppose 16781 = -9*r + 139262. What is the thousands digit of r?
3
Let l(u) = u**2 - 3*u - 9. Suppose -5 = -16*o - 5. Suppose o*t - 105 = -15*t. What is the units digit of l(t)?
9
Suppose -15*t + 647 = 3*i - 19*t, -2*i + t = -438. What is the units digit of (-19 - i)/(3/(-2))?
0
Let k = -100 - 372. Let q = 660 + k. What is the hundreds digit of q?
1
What is the tens digit of 439 - (23 + (-8)/1)?
2
Let a(w) = 3116*w**2 - 595*w + 17. What is the hundreds digit of a(4)?
4
What is the ten thousands digit of (-3 - 1 - 50/(40/(-4)))*75553?
7
Let k(i) = i**3 - i**2 - 7. Suppose 0 = 4*r - 12, -3*v + 5*r = -8*v + 35. Suppose 0 = -p - 6*u + v*u + 10, 2*u - 4 = 0. What is the tens digit of k(p)?
7
Let z(v) = 328*v**2 + 52*v + 356. What is the tens digit of z(-7)?
6
Suppose -39*n = -42*n + 6. Let c = n + -26. What is the tens digit of ((-102)/c)/(2/16)?
3
Suppose 4*l - 1909 = 1627. Suppose 2*w = -2*g - 206 + l, -4*w = -g - 1361. What is the units digit of w?
0
Let c = 709 - -11945. What is the tens digit of c?
5
Suppose 108*s - 5925833 = 13*s - 18*s. What is the thousands digit of s?
2
What is the units digit of (-480)/(-96)*223*7/5?
1
Suppose 0 = 35*n + 43*n - 65*n - 316862. What is the units digit of n?
4
Let t = -44458 + 86645. What is the tens digit of t?
8
Let o(w) = 2*w**3 - 6*w**2 - 4*w + 10. Let f be o(6). Let z = f + 248. Suppose 15 = 3*p, 5*q - 4*p - z = -5*p. What is the tens digit of q?
8
Let p(d) = -46 - 60*d**2 - 24*d - 65*d**2 + 145*d**2. What is the thousands digit of p(-7)?
1
Suppose -4*h + 439*l + 91684 = 436*l, -4*h = -2*l - 91680. What is the tens digit of h?
1
Let c(a) be the second derivative of 31/6*a**3 - 23*a + 27/2*a**2 + 0. What is the tens digit of c(5)?
8
Let f(s) = -s**2 + 21*s - 37. Let i be f(16). Let w = i - 51. Let m(z) = -z**3 - 7*z**2 + 8*z + 11. What is the units digit of m(w)?
1
What is the tens digit of 197508/5 + (159/(-15) - -11)?
0
Let p(t) = t**2 + 32*t + 5. Let r be p(-32). Suppose -25 = -2*q - 3*q - r*k, 0 = q - 4*k + 5. What is the units digit of (q + 119 + 0)*(5 - 3)?
4
Let j = -8282 + 8291. Suppose 3*i = 1595 + 1555. Suppose j*r = 4*r + i. What is the tens digit of r?
1
Suppose 2*t = 3*a + 587, 0 = -14*a + 11*a + 4*t - 589. What is the units digit of -2*(a - (2 - 0))?
4
Let v(n) = 8*n**2 + 4*n + 7. Let i be v(6). Suppose -6*a = -71 - i. Suppose 3*k - 2*s - 419 = 0, -3*s = -k + a + 77. What is the tens digit of k?
3
Let k(i) = 22*i - 17. Let y be k(7). Let u(q) = -6*q + 13. Let x be u(5). Let d = x + y. What is the tens digit of d?
2
Let h = 771 + -765. Suppose -1763 - 4705 = -h*f. What is the tens digit of f?
7
Let r be ((-4)/6)/((-2)/15). Suppose -9 = -r*t - 44. What is the units digit of 417/30 - t/70?
4
What is the hundreds digit of (-27)/6 + 4 + (216865/2)/11?
8
Let m = 871 + -622. What is the tens digit of m?
4
Suppose 2939*x - 2276114 = 2892*x + 507085. What is the ten thousands digit of x?
5
Let l = 59878 + -27150. What is the hundreds digit of l?
7
Suppose 136086 = 15*y + 40536. What is the hundreds digit of y?
3
Suppose 2*g - 4*z - 14130 = 0, 2043*g + 21151 = 2046*g + 5*z. What is the thousands digit of g?
7
Suppose -30*m = 53*m + 23*m - 2545378. What is the ten thousands digit of m?
2
Suppose 127510 + 81146 = -18*m + 81*m. What is the hundreds digit of m?
3
What is the units digit of ((-1972)/(-145) + -13)/(2/62350)?
5
What is the thousands digit of 9 - -9044 - (7 - -1)?
9
What is the units digit of 52/5*(20/(-110) - 15078/(-44))?
2
Let y be (2/6)/((-5)/(-855)). Suppose 279 = -a + y. Let j = 330 + a. What is the tens digit of j?
0
Let w be -2 - 12465/(-12) - 27/36. Suppose w = 6*m + 292. What is the tens digit of m?
2
Let m = -91 + 91. Suppose 4*r - 796 = -j, 2*j + r - 2*r - 1547 = m. What is the tens digit of j?
7
Let f be 631 - (-5)/5*3. Let r = f + -219. Suppose -5*n - 4*g = -2*n - r, -2*n = 2*g - 280. What is the hundreds digit of n?
1
Suppose 4*n - 16 = 0, 9*y - 12653 = 8*y - n. What is th